sands digit of 853861?
5
What is the units digit of 1271443?
3
What is the hundred thousands digit of 16212725?
2
What is the units digit of 4636555?
5
What is the millions digit of 1028411?
1
What is the tens digit of 1448837?
3
What is the hundred thousands digit of 191404?
1
What is the thousands digit of 5038394?
8
What is the hundreds digit of 21969598?
5
What is the ten millions digit of 22595340?
2
What is the millions digit of 3116047?
3
What is the ten thousands digit of 3458780?
5
What is the tens digit of 477837?
3
What is the hundred thousands digit of 110026?
1
What is the millions digit of 1600195?
1
What is the ten thousands digit of 4698963?
9
What is the millions digit of 2636204?
2
What is the tens digit of 487618?
1
What is the ten thousands digit of 473751?
7
What is the hundreds digit of 3716512?
5
What is the hundreds digit of 28905?
9
What is the units digit of 289170?
0
What is the units digit of 14367475?
5
What is the units digit of 8724255?
5
What is the units digit of 74984?
4
What is the thousands digit of 4483944?
3
What is the hundred thousands digit of 1758263?
7
What is the hundred thousands digit of 4493272?
4
What is the thousands digit of 308026?
8
What is the units digit of 14091?
1
What is the units digit of 1119294?
4
What is the hundreds digit of 80737?
7
What is the ten thousands digit of 1558444?
5
What is the thousands digit of 841051?
1
What is the tens digit of 133637?
3
What is the tens digit of 2692381?
8
What is the hundreds digit of 1615944?
9
What is the millions digit of 22598667?
2
What is the units digit of 2505568?
8
What is the ten thousands digit of 53989?
5
What is the units digit of 22425?
5
What is the tens digit of 6095601?
0
What is the ten millions digit of 18043126?
1
What is the thousands digit of 329003?
9
What is the thousands digit of 78591?
8
What is the ten thousands digit of 335354?
3
What is the thousands digit of 774529?
4
What is the hundreds digit of 348695?
6
What is the thousands digit of 82599?
2
What is the hundreds digit of 5769959?
9
What is the hundred thousands digit of 110305?
1
What is the units digit of 1242455?
5
What is the ten thousands digit of 271713?
7
What is the hundred thousands digit of 2076409?
0
What is the hundreds digit of 604722?
7
What is the hundred thousands digit of 2896231?
8
What is the hundred thousands digit of 426122?
4
What is the tens digit of 6399443?
4
What is the thousands digit of 1392843?
2
What is the units digit of 2288855?
5
What is the hundred thousands digit of 13207137?
2
What is the ten thousands digit of 272697?
7
What is the hundreds digit of 921577?
5
What is the thousands digit of 5262758?
2
What is the thousands digit of 783163?
3
What is the ten thousands digit of 5851817?
5
What is the hundred thousands digit of 177117?
1
What is the ten thousands digit of 2177385?
7
What is the thousands digit of 3032079?
2
What is the units digit of 336009?
9
What is the ten millions digit of 13437316?
1
What is the tens digit of 568684?
8
What is the ten thousands digit of 229324?
2
What is the units digit of 11597148?
8
What is the hundred thousands digit of 2629767?
6
What is the thousands digit of 10948465?
8
What is the units digit of 36871321?
1
What is the units digit of 9438844?
4
What is the ten millions digit of 17674315?
1
What is the ten thousands digit of 272286?
7
What is the hundred thousands digit of 12886815?
8
What is the tens digit of 869700?
0
What is the units digit of 228152?
2
What is the units digit of 4526587?
7
What is the hundred thousands digit of 182864?
1
What is the ten millions digit of 12411802?
1
What is the hundred thousands digit of 424863?
4
What is the hundreds digit of 8436693?
6
What is the thousands digit of 4614813?
4
What is the tens digit of 1221126?
2
What is the tens digit of 32622060?
6
What is the thousands digit of 1197650?
7
What is the hundreds digit of 2135981?
9
What is the millions digit of 4359590?
4
What is the units digit of 3435332?
2
What is the units digit of 912050?
0
What is the hundred thousands digit of 107081?
1
What is the units digit of 175646?
6
What is the millions digit of 4895384?
4
What is the units digit of 432041?
1
What is the thousands digit of 193515?
3
What is the ten thousands digit of 553859?
5
What is the ten thousands digit of 9469056?
6
What is the thousands digit of 1959997?
9
What is the hundred thousands digit of 23970176?
9
What is the units digit of 379764?
4
What is the tens digit of 807021?
2
What is the thousands digit of 1876884?
6
What is the units digit of 462146?
6
What is the ten thousands digit of 1774638?
7
What is the hundreds digit of 7830311?
3
What is the tens digit of 120249?
4
What is the hundred thousands digit of 428755?
4
What is the thousands digit of 810257?
0
What is the hundred thousands digit of 322316?
3
What is the ten thousands digit of 632156?
3
What is the units digit of 8113571?
1
What is the millions digit of 1988023?
1
What is the thousands digit of 566740?
6
What is the thousands digit of 91571?
1
What is the hundred thousands digit of 611698?
6
What is the ten millions digit of 14738997?
1
What is the units digit of 202046?
6
What is the units digit of 1393619?
9
What is the thousands digit of 10512195?
2
What is the hundreds digit of 9014716?
7
What is the ten thousands digit of 35374660?
7
What is the hundreds digit of 10483277?
2
What is the hundreds digit of 109533?
5
What is the thousands digit of 1917906?
7
What is the hundred thousands digit of 125201?
1
What is the units digit of 3027893?
3
What is the hundreds digit of 9254561?
5
What is the units digit of 40079174?
4
What is the tens digit of 2624380?
8
What is the ten thousands digit of 26523083?
2
What is the hundreds digit of 2444638?
6
What is the thousands digit of 311988?
1
What is the hundreds digit of 7929248?
2
What is the units digit of 1380852?
2
What is the ten thousands digit of 32359269?
5
What is the millions digit of 3374205?
3
What is the tens digit of 2090423?
2
What is the ten thousands digit of 1839538?
3
What is the thousands digit of 1391263?
1
What is the hundreds digit of 3694717?
7
What is the millions digit of 4254699?
4
What is the thousands digit of 459085?
9
What is the hundreds digit of 278227?
2
What is the tens digit of 11523030?
3
What is the units digit of 262218?
8
What is the hundred thousands digit of 273979?
2
What is the units digit of 252648?
8
What is the hundreds digit of 2691769?
7
What is the hundred thousands digit of 6843680?
8
What is the units digit of 953769?
9
What is the tens digit of 16241285?
8
What is the ten thousands digit of 41662910?
6
What is the millions digit of 14944812?
4
What is the thousands digit of 6123787?
3
What is the thousands digit of 195801?
5
What is the hundreds digit of 652295?
2
What is the millions digit of 2980881?
2
What is the hundred thousands digit of 1164816?
1
What is the hundred thousands digit of 4809955?
8
What is the millions digit of 3378985?
3
What is the hundreds digit of 5567903?
9
What is the ten thousands digit of 997658?
9
What is the hundred thousands digit of 1968545?
9
What is the thousands digit of 13196?
3
What is the hundred thousands digit of 12069076?
0
What is the ten thousands digit of 10085794?
8
What is the thousands digit of 1383605?
3
What is the tens digit of 775021?
2
What is the thousands digit of 1200410?
0
What is the hundred thousands digit of 17996128?
9
What is the thousands digit of 3398466?
8
What is the thousands digit of 20170470?
0
What is the tens digit of 363376?
7
What is the tens digit of 1030119?
1
What is the hundred thousands digit of 2952270?
9
What is the millions digit of 7974672?
7
What is the ten thousands digit of 13664613?
6
What is the hundred thousands digit of 1058465?
0
What is the tens digit of 46787?
8
What is the ten thousands digit of 473563?
7
What is the ten thousands digit of 984679?
8
What is the hundreds digit of 951100?
1
What is the ten thousands digit of 335319?
3
What is the units digit of 8326649?
9
What is the hundreds digit of 1704706?
7
What is the units digit of 339430?
0
What is the tens digit of 2699349?
4
What is the thousands digit of 21974?
1
What is the ten thousands digit of 1522823?